{"id":2581,"date":"2026-03-22T03:46:27","date_gmt":"2026-03-22T00:46:27","guid":{"rendered":"https:\/\/aurexauto.hu\/?page_id=2581"},"modified":"2026-03-22T21:03:26","modified_gmt":"2026-03-22T18:03:26","slug":"a-c-services-hu","status":"publish","type":"page","link":"https:\/\/aurexauto.hu\/?page_id=2581&lang=hu","title":{"rendered":"Kl\u00edmaszerviz"},"content":{"rendered":"\t\t<div data-elementor-type=\"wp-page\" data-elementor-id=\"2581\" class=\"elementor elementor-2581\">\n\t\t\t\t\t\t<section class=\"elementor-section elementor-top-section elementor-element elementor-element-bcc26c6 elementor-section-boxed elementor-section-height-default elementor-section-height-default\" data-id=\"bcc26c6\" data-element_type=\"section\" data-e-type=\"section\">\n\t\t\t\t\t\t<div class=\"elementor-container elementor-column-gap-default\">\n\t\t\t\t\t<div class=\"elementor-column elementor-col-50 elementor-top-column elementor-element elementor-element-2d5e1ee\" data-id=\"2d5e1ee\" data-element_type=\"column\" data-e-type=\"column\">\n\t\t\t<div class=\"elementor-widget-wrap elementor-element-populated\">\n\t\t\t\t\t\t<div class=\"elementor-element elementor-element-c9165eb elementor-invisible elementor-widget elementor-widget-text-editor\" data-id=\"c9165eb\" data-element_type=\"widget\" data-e-type=\"widget\" data-settings=\"{&quot;_animation&quot;:&quot;fadeIn&quot;}\" data-widget_type=\"text-editor.default\">\n\t\t\t\t\t\t\t\t\t<h3>Milyen gyakran \u00e9rdemes szervizeltetni az aut\u00f3 kl\u00edmarendszer\u00e9t?<\/h3><p>Az aut\u00f3 kl\u00edmarendszere egy z\u00e1rt rendszer. Z\u00e1rt rendszerek eset\u00e9n a h\u0171t\u0151k\u00f6zeg vesztes\u00e9g\u00e9t kiz\u00e1r\u00f3lag sziv\u00e1rg\u00e1s okozhatja. J\u00f3 karbantart\u00e1si ir\u00e1nyelv, hogy h\u00e1rom\u00e9vente vizsg\u00e1ltassa \u00e1t \u00e9s t\u00f6ltesse fel a kl\u00edm\u00e1t, m\u00e9g akkor is, ha az megfelel\u0151en m\u0171k\u00f6d\u0151nek t\u0171nik.<\/p>\t\t\t\t\t\t\t\t<\/div>\n\t\t\t\t<div class=\"elementor-element elementor-element-1abf1e5 elementor-invisible elementor-widget elementor-widget-text-editor\" data-id=\"1abf1e5\" data-element_type=\"widget\" data-e-type=\"widget\" data-settings=\"{&quot;_animation&quot;:&quot;fadeIn&quot;}\" data-widget_type=\"text-editor.default\">\n\t\t\t\t\t\t\t\t\t<h3><span class=\"\">Engedje,<\/span><span class=\"\"> hogy seg\u00edts\u00fcnk aut\u00f3ja jav\u00edt\u00e1s\u00e1ban<\/span><\/h3><p>Az aut\u00f3 kl\u00edmarendszere folyamatosan alak\u00edtja \u00e1t a h\u0171t\u0151k\u00f6zeget folyad\u00e9kb\u00f3l hideg permett\u00e9, majd forr\u00f3 g\u00e1zz\u00e1, \u00e9s v\u00e9g\u00fcl ism\u00e9t folyad\u00e9kk\u00e1. Ez a folyamat \u00fajra \u00e9s \u00fajra megism\u00e9tl\u0151dik. A meghib\u00e1sod\u00e1sok leggyakoribb okai a sziv\u00e1rg\u00e1sok vagy a kompresszorprobl\u00e9m\u00e1k. Ha a l\u00e9gkondicion\u00e1l\u00f3 csak h\u0171v\u00f6s, de nem hideg leveg\u0151t f\u00faj, a hiba h\u00e1tter\u00e9ben elt\u00f6m\u0151d\u00f6tt sz\u0171r\u0151 vagy a h\u0171t\u0151ventil\u00e1tor meghib\u00e1sod\u00e1sa \u00e1llhat.<\/p>\t\t\t\t\t\t\t\t<\/div>\n\t\t\t\t\t<\/div>\n\t\t<\/div>\n\t\t\t\t<div class=\"elementor-column elementor-col-50 elementor-top-column elementor-element elementor-element-81ec20c\" data-id=\"81ec20c\" data-element_type=\"column\" data-e-type=\"column\" data-settings=\"{&quot;background_background&quot;:&quot;classic&quot;}\">\n\t\t\t<div class=\"elementor-widget-wrap elementor-element-populated\">\n\t\t\t\t\t\t<div class=\"elementor-element elementor-element-1e9d565 elementor-invisible elementor-widget elementor-widget-qt-pricing-table\" data-id=\"1e9d565\" data-element_type=\"widget\" data-e-type=\"widget\" data-settings=\"{&quot;_animation&quot;:&quot;fadeIn&quot;}\" data-widget_type=\"qt-pricing-table.default\">\n\t\t\t\t\t\n        <div class=\"pricing-table\">\n\n            \n                            <h5 class=\"pricing-table__title\">Kl\u00edmadiagnosztika &amp; Hat\u00e9konys\u00e1gm\u00e9r\u00e9s<\/h5>\n            \n                            <span class=\"pricing-table__subtitle\">Ha a kl\u00edma hat\u00e9konys\u00e1ga megk\u00e9rd\u0151jelezhet\u0151<\/span>\n            \n            <div class=\"pricing-table__pricing\">\n\n                \n                                    <span class=\"pricing-table__price\">9990 Ft<\/span>\n                                \n                \n            <\/div>\n\n                            <div class=\"pricing-table__label\">\n                    Az \u00e1rak az \u00f3rad\u00edjakat is tartalmazz\u00e1k                <\/div>\n            \n                            <div class=\"pricing-table__button\">\n                    <a href=\"https:\/\/aurexauto.hu\/?page_id=2550&#038;lang=hu\" class=\"btn btn-default\">Id\u0151pontfoglal\u00e1s<\/a>\n                <\/div>\n            \n            \n                <div class=\"pricing-table__content\">\n\n                                            <span class=\"pricing-table__content__title\">Tartalmazott szolg\u00e1ltat\u00e1sok:<\/span>\n                    \n                                            <div class=\"pricing-table__included\">\n                            <ul>\n                                                                        <li>\n                                                                                            <i aria-hidden=\"true\" class=\"fas fa-arrow-circle-right\"><\/i>                                                                                        A kl\u00edmarendszer alkatr\u00e9szeinek szemrev\u00e9telez\u00e9se                                        <\/li>\n                                                                                <li>\n                                                                                            <i aria-hidden=\"true\" class=\"fas fa-arrow-circle-right\"><\/i>                                                                                        H\u0171t\u0151k\u00f6zeg-szint ellen\u0151rz\u00e9se (t\u00f6lt\u00f6tts\u00e9gi teszt)                                        <\/li>\n                                                                                <li>\n                                                                                            <i aria-hidden=\"true\" class=\"fas fa-arrow-circle-right\"><\/i>                                                                                        Sziv\u00e1rg\u00e1svizsg\u00e1lat hiteles\u00edtett elektronikus detektorral                                        <\/li>\n                                                                                <li>\n                                                                                            <i aria-hidden=\"true\" class=\"fas fa-arrow-circle-right\"><\/i>                                                                                        Rendszervez\u00e9rl\u00e9s \u00e9s m\u0171k\u00f6d\u00e9s ellen\u0151rz\u00e9se                                        <\/li>\n                                                                    <\/ul>\n                        <\/div>\n                    \n                    \n                <\/div>\n\n            \n        <\/div>\n\n        \t\t\t\t<\/div>\n\t\t\t\t\t<\/div>\n\t\t<\/div>\n\t\t\t\t\t<\/div>\n\t\t<\/section>\n\t\t\t\t<section class=\"elementor-section elementor-top-section elementor-element elementor-element-cc6af46 elementor-section-content-middle elementor-section-boxed elementor-section-height-default elementor-section-height-default\" data-id=\"cc6af46\" data-element_type=\"section\" data-e-type=\"section\">\n\t\t\t\t\t\t<div class=\"elementor-container elementor-column-gap-default\">\n\t\t\t\t\t<div class=\"elementor-column elementor-col-50 elementor-top-column elementor-element elementor-element-d60673d\" data-id=\"d60673d\" data-element_type=\"column\" data-e-type=\"column\">\n\t\t\t<div class=\"elementor-widget-wrap elementor-element-populated\">\n\t\t\t\t\t\t<div class=\"elementor-element elementor-element-967a931 elementor-invisible elementor-widget elementor-widget-image\" data-id=\"967a931\" data-element_type=\"widget\" data-e-type=\"widget\" data-settings=\"{&quot;_animation&quot;:&quot;fadeIn&quot;}\" data-widget_type=\"image.default\">\n\t\t\t\t\t\t\t\t\t\t\t\t\t\t\t\t<a href=\"https:\/\/aurexauto.hu\/wp-content\/uploads\/2026\/03\/young-auto-mechanic-using-compressor-while-maintaining-ac-unit-car-workshop-scaled.jpg\" data-elementor-open-lightbox=\"yes\" data-elementor-lightbox-title=\"Charging air conditioning unit at auto repair shop!\" data-e-action-hash=\"#elementor-action%3Aaction%3Dlightbox%26settings%3DeyJpZCI6MjI5MiwidXJsIjoiaHR0cHM6XC9cL2F1cmV4YXV0by5odVwvd3AtY29udGVudFwvdXBsb2Fkc1wvMjAyNlwvMDNcL3lvdW5nLWF1dG8tbWVjaGFuaWMtdXNpbmctY29tcHJlc3Nvci13aGlsZS1tYWludGFpbmluZy1hYy11bml0LWNhci13b3Jrc2hvcC1zY2FsZWQuanBnIn0%3D\">\n\t\t\t\t\t\t\t<img fetchpriority=\"high\" decoding=\"async\" width=\"2560\" height=\"1707\" src=\"https:\/\/aurexauto.hu\/wp-content\/uploads\/2026\/03\/young-auto-mechanic-using-compressor-while-maintaining-ac-unit-car-workshop-scaled.jpg\" class=\"attachment-full size-full wp-image-2292\" alt=\"\" srcset=\"https:\/\/aurexauto.hu\/wp-content\/uploads\/2026\/03\/young-auto-mechanic-using-compressor-while-maintaining-ac-unit-car-workshop-scaled.jpg 2560w, https:\/\/aurexauto.hu\/wp-content\/uploads\/2026\/03\/young-auto-mechanic-using-compressor-while-maintaining-ac-unit-car-workshop-300x200.jpg 300w, https:\/\/aurexauto.hu\/wp-content\/uploads\/2026\/03\/young-auto-mechanic-using-compressor-while-maintaining-ac-unit-car-workshop-1024x683.jpg 1024w, https:\/\/aurexauto.hu\/wp-content\/uploads\/2026\/03\/young-auto-mechanic-using-compressor-while-maintaining-ac-unit-car-workshop-768x512.jpg 768w, https:\/\/aurexauto.hu\/wp-content\/uploads\/2026\/03\/young-auto-mechanic-using-compressor-while-maintaining-ac-unit-car-workshop-1536x1024.jpg 1536w, https:\/\/aurexauto.hu\/wp-content\/uploads\/2026\/03\/young-auto-mechanic-using-compressor-while-maintaining-ac-unit-car-workshop-2048x1365.jpg 2048w\" sizes=\"(max-width: 2560px) 100vw, 2560px\" \/>\t\t\t\t\t\t\t\t<\/a>\n\t\t\t\t\t\t\t\t\t\t\t\t\t\t\t<\/div>\n\t\t\t\t\t<\/div>\n\t\t<\/div>\n\t\t\t\t<div class=\"elementor-column elementor-col-50 elementor-top-column elementor-element elementor-element-5a98b83\" data-id=\"5a98b83\" data-element_type=\"column\" data-e-type=\"column\" data-settings=\"{&quot;background_background&quot;:&quot;classic&quot;}\">\n\t\t\t<div class=\"elementor-widget-wrap elementor-element-populated\">\n\t\t\t\t\t\t<div class=\"elementor-element elementor-element-4011949 elementor-invisible elementor-widget elementor-widget-image\" data-id=\"4011949\" data-element_type=\"widget\" data-e-type=\"widget\" data-settings=\"{&quot;_animation&quot;:&quot;fadeIn&quot;}\" data-widget_type=\"image.default\">\n\t\t\t\t\t\t\t\t\t\t\t\t\t\t\t\t<a href=\"https:\/\/aurexauto.hu\/wp-content\/uploads\/2026\/03\/close-up-hand-holding-steering-wheel-scaled.jpg\" data-elementor-open-lightbox=\"yes\" data-elementor-lightbox-title=\"close-up-hand-holding-steering-wheel\" data-e-action-hash=\"#elementor-action%3Aaction%3Dlightbox%26settings%3DeyJpZCI6MjI5MSwidXJsIjoiaHR0cHM6XC9cL2F1cmV4YXV0by5odVwvd3AtY29udGVudFwvdXBsb2Fkc1wvMjAyNlwvMDNcL2Nsb3NlLXVwLWhhbmQtaG9sZGluZy1zdGVlcmluZy13aGVlbC1zY2FsZWQuanBnIn0%3D\">\n\t\t\t\t\t\t\t<img decoding=\"async\" width=\"2560\" height=\"1707\" src=\"https:\/\/aurexauto.hu\/wp-content\/uploads\/2026\/03\/close-up-hand-holding-steering-wheel-scaled.jpg\" class=\"attachment-full size-full wp-image-2291\" alt=\"\" srcset=\"https:\/\/aurexauto.hu\/wp-content\/uploads\/2026\/03\/close-up-hand-holding-steering-wheel-scaled.jpg 2560w, https:\/\/aurexauto.hu\/wp-content\/uploads\/2026\/03\/close-up-hand-holding-steering-wheel-300x200.jpg 300w, https:\/\/aurexauto.hu\/wp-content\/uploads\/2026\/03\/close-up-hand-holding-steering-wheel-1024x683.jpg 1024w, https:\/\/aurexauto.hu\/wp-content\/uploads\/2026\/03\/close-up-hand-holding-steering-wheel-768x512.jpg 768w, https:\/\/aurexauto.hu\/wp-content\/uploads\/2026\/03\/close-up-hand-holding-steering-wheel-1536x1024.jpg 1536w, https:\/\/aurexauto.hu\/wp-content\/uploads\/2026\/03\/close-up-hand-holding-steering-wheel-2048x1365.jpg 2048w\" sizes=\"(max-width: 2560px) 100vw, 2560px\" \/>\t\t\t\t\t\t\t\t<\/a>\n\t\t\t\t\t\t\t\t\t\t\t\t\t\t\t<\/div>\n\t\t\t\t\t<\/div>\n\t\t<\/div>\n\t\t\t\t\t<\/div>\n\t\t<\/section>\n\t\t\t\t<section class=\"elementor-section elementor-top-section elementor-element elementor-element-20fcaee elementor-section-content-middle elementor-section-boxed elementor-section-height-default elementor-section-height-default elementor-invisible\" data-id=\"20fcaee\" data-element_type=\"section\" data-e-type=\"section\" data-settings=\"{&quot;background_background&quot;:&quot;classic&quot;,&quot;animation&quot;:&quot;fadeIn&quot;}\">\n\t\t\t\t\t\t\t<div class=\"elementor-background-overlay\"><\/div>\n\t\t\t\t\t\t\t<div class=\"elementor-container elementor-column-gap-extended\">\n\t\t\t\t\t<div class=\"elementor-column elementor-col-50 elementor-top-column elementor-element elementor-element-b7bdd18 elementor-invisible\" data-id=\"b7bdd18\" data-element_type=\"column\" data-e-type=\"column\" data-settings=\"{&quot;animation&quot;:&quot;fadeIn&quot;,&quot;animation_delay&quot;:200}\">\n\t\t\t<div class=\"elementor-widget-wrap elementor-element-populated\">\n\t\t\t\t\t\t<div class=\"elementor-element elementor-element-81b29e2 elementor-widget elementor-widget-text-editor\" data-id=\"81b29e2\" data-element_type=\"widget\" data-e-type=\"widget\" data-widget_type=\"text-editor.default\">\n\t\t\t\t\t\t\t\t\t<h3>A szolg\u00e1ltat\u00e1s legf\u0151bb el\u0151nyei<\/h3><p>A rendszeres szervizel\u00e9s seg\u00edt biztos\u00edtani aut\u00f3ja megfelel\u0151 m\u0171k\u00f6d\u00e9s\u00e9t, \u00e9s lehet\u0151v\u00e9 teszi a probl\u00e9m\u00e1k megel\u0151z\u00e9s\u00e9t, m\u00e9g miel\u0151tt azok kialakuln\u00e1nak.<\/p>\t\t\t\t\t\t\t\t<\/div>\n\t\t\t\t<div class=\"elementor-element elementor-element-e430e1a elementor-icon-list--layout-traditional elementor-list-item-link-full_width elementor-widget elementor-widget-icon-list\" data-id=\"e430e1a\" data-element_type=\"widget\" data-e-type=\"widget\" data-widget_type=\"icon-list.default\">\n\t\t\t\t\t\t\t<ul class=\"elementor-icon-list-items\">\n\t\t\t\t\t\t\t<li class=\"elementor-icon-list-item\">\n\t\t\t\t\t\t\t\t\t\t\t<span class=\"elementor-icon-list-icon\">\n\t\t\t\t\t\t\t<i aria-hidden=\"true\" class=\"fas fa-check-circle\"><\/i>\t\t\t\t\t\t<\/span>\n\t\t\t\t\t\t\t\t\t\t<span class=\"elementor-icon-list-text\">Speci\u00e1lis szolg\u00e1ltat\u00e1sok, az \u00d6n ig\u00e9nyeire szabva<\/span>\n\t\t\t\t\t\t\t\t\t<\/li>\n\t\t\t\t\t\t\t\t<li class=\"elementor-icon-list-item\">\n\t\t\t\t\t\t\t\t\t\t\t<span class=\"elementor-icon-list-icon\">\n\t\t\t\t\t\t\t<i aria-hidden=\"true\" class=\"fas fa-check-circle\"><\/i>\t\t\t\t\t\t<\/span>\n\t\t\t\t\t\t\t\t\t\t<span class=\"elementor-icon-list-text\">100%-ban k\u00f6rnyezetbar\u00e1t vegyszerek<\/span>\n\t\t\t\t\t\t\t\t\t<\/li>\n\t\t\t\t\t\t\t\t<li class=\"elementor-icon-list-item\">\n\t\t\t\t\t\t\t\t\t\t\t<span class=\"elementor-icon-list-icon\">\n\t\t\t\t\t\t\t<i aria-hidden=\"true\" class=\"fas fa-check-circle\"><\/i>\t\t\t\t\t\t<\/span>\n\t\t\t\t\t\t\t\t\t\t<span class=\"elementor-icon-list-text\">Megb\u00edzhat\u00f3, hiteles \u00e9s pontos szolg\u00e1ltat\u00e1sok<\/span>\n\t\t\t\t\t\t\t\t\t<\/li>\n\t\t\t\t\t\t\t\t<li class=\"elementor-icon-list-item\">\n\t\t\t\t\t\t\t\t\t\t\t<span class=\"elementor-icon-list-icon\">\n\t\t\t\t\t\t\t<i aria-hidden=\"true\" class=\"fas fa-check-circle\"><\/i>\t\t\t\t\t\t<\/span>\n\t\t\t\t\t\t\t\t\t\t<span class=\"elementor-icon-list-text\">Teljes k\u00f6r\u0171 aut\u00f3ipari felszerel\u00e9st \u00e9s megold\u00e1sokat k\u00edn\u00e1lunk<\/span>\n\t\t\t\t\t\t\t\t\t<\/li>\n\t\t\t\t\t\t<\/ul>\n\t\t\t\t\t\t<\/div>\n\t\t\t\t\t<\/div>\n\t\t<\/div>\n\t\t\t\t<div class=\"elementor-column elementor-col-50 elementor-top-column elementor-element elementor-element-05b292c elementor-invisible\" data-id=\"05b292c\" data-element_type=\"column\" data-e-type=\"column\" data-settings=\"{&quot;animation&quot;:&quot;fadeIn&quot;,&quot;animation_delay&quot;:300}\">\n\t\t\t<div class=\"elementor-widget-wrap elementor-element-populated\">\n\t\t\t\t\t\t<div class=\"elementor-element elementor-element-dd11d27 elementor-widget elementor-widget-qt-icon-box\" data-id=\"dd11d27\" data-element_type=\"widget\" data-e-type=\"widget\" data-widget_type=\"qt-icon-box.default\">\n\t\t\t\t\t            <div class=\"icon-box icon-left align-left layout-2 underline-hover\">\n        \n                    <div class=\"icon-box__icon\">\n                <i aria-hidden=\"true\" class=\"fas fa-wind\"><\/i>            <\/div>\n        \n        <div class=\"icon-box__content\">\n                            <h5 class=\"icon-box__heading\">K\u00e9nyelmesebb<\/h5>\n            \n                            <p>Mindenki k\u00f6nny\u0171 \u00e9s k\u00e9nyelmes utaz\u00e1sra v\u00e1gyik<\/p>\n            \n                    <\/div>\n\n        <\/div>\n        \n    \t\t\t\t<\/div>\n\t\t\t\t<div class=\"elementor-element elementor-element-54382f1 elementor-widget elementor-widget-qt-icon-box\" data-id=\"54382f1\" data-element_type=\"widget\" data-e-type=\"widget\" data-widget_type=\"qt-icon-box.default\">\n\t\t\t\t\t            <div class=\"icon-box icon-left align-left layout-2 underline-hover\">\n        \n                    <div class=\"icon-box__icon\">\n                <i aria-hidden=\"true\" class=\"fas fa-chart-line\"><\/i>            <\/div>\n        \n        <div class=\"icon-box__content\">\n                            <h5 class=\"icon-box__heading\">N\u00f6velje a hat\u00e9konys\u00e1got<\/h5>\n            \n                            <p>Elk\u00f6telezettek vagyunk a prec\u00edz aut\u00f3jav\u00edt\u00e1s mellett \u2014 els\u0151re, hiba n\u00e9lk\u00fcl.<\/p>\n            \n                    <\/div>\n\n        <\/div>\n        \n    \t\t\t\t<\/div>\n\t\t\t\t\t<\/div>\n\t\t<\/div>\n\t\t\t\t\t<\/div>\n\t\t<\/section>\n\t\t\t\t<section class=\"elementor-section elementor-top-section elementor-element elementor-element-2306b0d elementor-section-boxed elementor-section-height-default elementor-section-height-default\" data-id=\"2306b0d\" data-element_type=\"section\" data-e-type=\"section\">\n\t\t\t\t\t\t<div class=\"elementor-container elementor-column-gap-extended\">\n\t\t\t\t\t<div class=\"elementor-column elementor-col-100 elementor-top-column elementor-element elementor-element-0e31fed\" data-id=\"0e31fed\" data-element_type=\"column\" data-e-type=\"column\">\n\t\t\t<div class=\"elementor-widget-wrap elementor-element-populated\">\n\t\t\t\t\t\t<div class=\"elementor-element elementor-element-0d413e3 elementor-invisible elementor-widget elementor-widget-heading\" data-id=\"0d413e3\" data-element_type=\"widget\" data-e-type=\"widget\" data-settings=\"{&quot;_animation&quot;:&quot;fadeIn&quot;}\" data-widget_type=\"heading.default\">\n\t\t\t\t\t<h2 class=\"elementor-heading-title elementor-size-default\">Gyakori K\u00e9rd\u00e9sek\n<\/h2>\t\t\t\t<\/div>\n\t\t\t\t<div class=\"elementor-element elementor-element-bbb7d72 elementor-invisible elementor-widget elementor-widget-qt-accordion\" data-id=\"bbb7d72\" data-element_type=\"widget\" data-e-type=\"widget\" data-settings=\"{&quot;_animation&quot;:&quot;fadeIn&quot;}\" data-widget_type=\"qt-accordion.default\">\n\t\t\t\t\t\n        <div class=\"accordion\" id=\"accordion-0\" data-panel=\"accordion-0\">\n\n            \n                <div class=\"accordion__panel\">\n                    <div class=\"accordion__heading\">\n                        <h6 class=\"accordion__title\">\n                            <a class=\"accordion__toggle\" data-toggle=\"collapse\" data-parent=\"#accordion-0\" href=\"#collapse_0\" aria-expanded=\"true\">Honnan tudom, hogy az aut\u00f3m kl\u00edmaberendez\u00e9se szervizel\u00e9sre szorul?                            <\/a>\n                        <\/h6>\n                    <\/div>\n\n                    <div id=\"collapse_0\" class=\"accordion__content collapse show\" aria-label=\"Honnan tudom, hogy az aut\u00f3m kl\u00edmaberendez\u00e9se szervizel\u00e9sre szorul?\" data-parent=\"#accordion-0\">\n                        <div class=\"accordion__body\"><p>A leggyakoribb jelek: a rendszer hideg helyett meleg leveg\u0151t f\u00faj, gyenge a l\u00e9g\u00e1raml\u00e1s, vagy szokatlan zajokat hall a kl\u00edma bekapcsol\u00e1sakor.<\/p>\n<\/div>\n                    <\/div>\n                <\/div>\n\n            \n                <div class=\"accordion__panel\">\n                    <div class=\"accordion__heading\">\n                        <h6 class=\"accordion__title\">\n                            <a class=\"accordion__toggle\" data-toggle=\"collapse\" data-parent=\"#accordion-0\" href=\"#collapse_1\" aria-expanded=\"false\">Milyen gyakran kell \u00fajrat\u00f6lteni a kl\u00edmag\u00e1zt?                            <\/a>\n                        <\/h6>\n                    <\/div>\n\n                    <div id=\"collapse_1\" class=\"accordion__content collapse\" aria-label=\"Milyen gyakran kell \u00fajrat\u00f6lteni a kl\u00edmag\u00e1zt?\" data-parent=\"#accordion-0\">\n                        <div class=\"accordion__body\"><p>\u00c1tlagosan a rendszer \u00e9vente 10-15%-ot vesz\u00edt a h\u0171t\u0151k\u00f6zegb\u0151l. Javasoljuk a t\u00f6lt\u00e9st 2 \u00e9vente.<\/p>\n<\/div>\n                    <\/div>\n                <\/div>\n\n            \n                <div class=\"accordion__panel\">\n                    <div class=\"accordion__heading\">\n                        <h6 class=\"accordion__title\">\n                            <a class=\"accordion__toggle\" data-toggle=\"collapse\" data-parent=\"#accordion-0\" href=\"#collapse_2\" aria-expanded=\"false\">Seg\u00edt a kl\u00edmakarbantart\u00e1s az allergi\u00e1n \u00e9s a rossz szagokon?                            <\/a>\n                        <\/h6>\n                    <\/div>\n\n                    <div id=\"collapse_2\" class=\"accordion__content collapse\" aria-label=\"Seg\u00edt a kl\u00edmakarbantart\u00e1s az allergi\u00e1n \u00e9s a rossz szagokon?\" data-parent=\"#accordion-0\">\n                        <div class=\"accordion__body\"><p class=\"p1\">Igen. Szolg\u00e1ltat\u00e1sunk tartalmazza az antibakteri\u00e1lis tiszt\u00edt\u00e1st, amely elpuszt\u00edtja a gomb\u00e1kat \u00e9s bakt\u00e9riumokat a rendszerben.<\/p>\n<\/div>\n                    <\/div>\n                <\/div>\n\n            \n                <div class=\"accordion__panel\">\n                    <div class=\"accordion__heading\">\n                        <h6 class=\"accordion__title\">\n                            <a class=\"accordion__toggle\" data-toggle=\"collapse\" data-parent=\"#accordion-0\" href=\"#collapse_3\" aria-expanded=\"false\">Mi a k\u00fcl\u00f6nbs\u00e9g a \"g\u00e1z t\u00f6lt\u00e9s\" \u00e9s a \"teljes kl\u00edmaszerviz\" k\u00f6z\u00f6tt?                            <\/a>\n                        <\/h6>\n                    <\/div>\n\n                    <div id=\"collapse_3\" class=\"accordion__content collapse\" aria-label=\"Mi a k\u00fcl\u00f6nbs\u00e9g a &quot;g\u00e1z t\u00f6lt\u00e9s&quot; \u00e9s a &quot;teljes kl\u00edmaszerviz&quot; k\u00f6z\u00f6tt?\" data-parent=\"#accordion-0\">\n                        <div class=\"accordion__body\"><p>A teljes szerviz n\u00e1lunk tartalmazza a v\u00e1kuumtesztet (sziv\u00e1rg\u00e1sellen\u0151rz\u00e9s), a r\u00e9gi olaj elt\u00e1vol\u00edt\u00e1s\u00e1t \u00e9s a kompresszor ken\u00e9s\u00e9t is.<\/p>\n<\/div>\n                    <\/div>\n                <\/div>\n\n            \n                <div class=\"accordion__panel\">\n                    <div class=\"accordion__heading\">\n                        <h6 class=\"accordion__title\">\n                            <a class=\"accordion__toggle\" data-toggle=\"collapse\" data-parent=\"#accordion-0\" href=\"#collapse_4\" aria-expanded=\"false\">Befoly\u00e1solhatja a hib\u00e1s kl\u00edma az aut\u00f3 fogyaszt\u00e1s\u00e1t?                            <\/a>\n                        <\/h6>\n                    <\/div>\n\n                    <div id=\"collapse_4\" class=\"accordion__content collapse\" aria-label=\"Befoly\u00e1solhatja a hib\u00e1s kl\u00edma az aut\u00f3 fogyaszt\u00e1s\u00e1t?\" data-parent=\"#accordion-0\">\n                        <div class=\"accordion__body\"><p>Igen. Ha a rendszer nem hat\u00e9kony, a kompresszor t\u00f6bbet dolgozik, ami n\u00f6veli az \u00fczemanyag-fogyaszt\u00e1st.<\/p>\n<\/div>\n                    <\/div>\n                <\/div>\n\n            \n            \n        <\/div>\n        \n    \t\t\t\t<\/div>\n\t\t\t\t\t<\/div>\n\t\t<\/div>\n\t\t\t\t\t<\/div>\n\t\t<\/section>\n\t\t\t\t<\/div>\n\t\t","protected":false},"excerpt":{"rendered":"<p>Milyen gyakran \u00e9rdemes szervizeltetni az aut\u00f3 kl\u00edmarendszer\u00e9t? Az aut\u00f3 kl\u00edmarendszere egy z\u00e1rt rendszer. Z\u00e1rt rendszerek eset\u00e9n a h\u0171t\u0151k\u00f6zeg vesztes\u00e9g\u00e9t kiz\u00e1r\u00f3lag sziv\u00e1rg\u00e1s okozhatja. J\u00f3 karbantart\u00e1si ir\u00e1nyelv, hogy h\u00e1rom\u00e9vente vizsg\u00e1ltassa \u00e1t \u00e9s t\u00f6ltesse fel a kl\u00edm\u00e1t, m\u00e9g akkor is, ha az megfelel\u0151en m\u0171k\u00f6d\u0151nek t\u0171nik. Engedje, hogy seg\u00edts\u00fcnk aut\u00f3ja jav\u00edt\u00e1s\u00e1ban Az aut\u00f3 kl\u00edmarendszere folyamatosan alak\u00edtja \u00e1t a h\u0171t\u0151k\u00f6zeget&hellip;<\/p>\n","protected":false},"author":1,"featured_media":2292,"parent":2577,"menu_order":0,"comment_status":"closed","ping_status":"closed","template":"","meta":{"_acf_changed":false,"footnotes":""},"class_list":["post-2581","page","type-page","status-publish","has-post-thumbnail","hentry"],"acf":[],"_hostinger_reach_plugin_has_subscription_block":false,"_hostinger_reach_plugin_is_elementor":false,"_links":{"self":[{"href":"https:\/\/aurexauto.hu\/index.php?rest_route=\/wp\/v2\/pages\/2581","targetHints":{"allow":["GET"]}}],"collection":[{"href":"https:\/\/aurexauto.hu\/index.php?rest_route=\/wp\/v2\/pages"}],"about":[{"href":"https:\/\/aurexauto.hu\/index.php?rest_route=\/wp\/v2\/types\/page"}],"author":[{"embeddable":true,"href":"https:\/\/aurexauto.hu\/index.php?rest_route=\/wp\/v2\/users\/1"}],"replies":[{"embeddable":true,"href":"https:\/\/aurexauto.hu\/index.php?rest_route=%2Fwp%2Fv2%2Fcomments&post=2581"}],"version-history":[{"count":17,"href":"https:\/\/aurexauto.hu\/index.php?rest_route=\/wp\/v2\/pages\/2581\/revisions"}],"predecessor-version":[{"id":2804,"href":"https:\/\/aurexauto.hu\/index.php?rest_route=\/wp\/v2\/pages\/2581\/revisions\/2804"}],"up":[{"embeddable":true,"href":"https:\/\/aurexauto.hu\/index.php?rest_route=\/wp\/v2\/pages\/2577"}],"wp:featuredmedia":[{"embeddable":true,"href":"https:\/\/aurexauto.hu\/index.php?rest_route=\/wp\/v2\/media\/2292"}],"wp:attachment":[{"href":"https:\/\/aurexauto.hu\/index.php?rest_route=%2Fwp%2Fv2%2Fmedia&parent=2581"}],"curies":[{"name":"wp","href":"https:\/\/api.w.org\/{rel}","templated":true}]}}