{"id":2593,"date":"2026-03-22T03:49:09","date_gmt":"2026-03-22T00:49:09","guid":{"rendered":"https:\/\/aurexauto.hu\/?page_id=2593"},"modified":"2026-03-22T21:04:33","modified_gmt":"2026-03-22T18:04:33","slug":"engine-repair-hu","status":"publish","type":"page","link":"https:\/\/aurexauto.hu\/?page_id=2593&lang=hu","title":{"rendered":"Motorjav\u00edt\u00e1s"},"content":{"rendered":"\t\t<div data-elementor-type=\"wp-page\" data-elementor-id=\"2593\" class=\"elementor elementor-2593\">\n\t\t\t\t\t\t<section class=\"elementor-section elementor-top-section elementor-element elementor-element-449218a elementor-section-boxed elementor-section-height-default elementor-section-height-default\" data-id=\"449218a\" data-element_type=\"section\" data-e-type=\"section\">\n\t\t\t\t\t\t<div class=\"elementor-container elementor-column-gap-default\">\n\t\t\t\t\t<div class=\"elementor-column elementor-col-50 elementor-top-column elementor-element elementor-element-ebc4491\" data-id=\"ebc4491\" data-element_type=\"column\" data-e-type=\"column\">\n\t\t\t<div class=\"elementor-widget-wrap elementor-element-populated\">\n\t\t\t\t\t\t<div class=\"elementor-element elementor-element-563007f elementor-invisible elementor-widget elementor-widget-text-editor\" data-id=\"563007f\" data-element_type=\"widget\" data-e-type=\"widget\" data-settings=\"{&quot;_animation&quot;:&quot;fadeIn&quot;}\" data-widget_type=\"text-editor.default\">\n\t\t\t\t\t\t\t\t\t<h3>El\u0151zze meg a dr\u00e1ga jav\u00edt\u00e1sokat rendszeres karbantart\u00e1ssal<\/h3><p>Ha a motor nem m\u0171k\u00f6dik megfelel\u0151en, nagy az es\u00e9lye egy dr\u00e1ga jav\u00edt\u00e1snak. Egy motorcsere ak\u00e1r t\u00f6bb ezer eur\u00f3s kiad\u00e1st is jelenthet.<\/p><p>Rendszeres karbantart\u00e1ssal biztos\u00edthatja aut\u00f3ja motorj\u00e1nak z\u00f6kken\u0151mentes m\u0171k\u00f6d\u00e9s\u00e9t. A motor elektromos \u00e9s bonyolult mechanikai rendszerek \u00f6sszetett egys\u00e9ge, amely magas h\u0151m\u00e9rs\u00e9kleten \u00fczemel, hogy \u00d6n biztons\u00e1gban haladhasson az \u00faton.<\/p>\t\t\t\t\t\t\t\t<\/div>\n\t\t\t\t<div class=\"elementor-element elementor-element-d93b98c elementor-invisible elementor-widget elementor-widget-text-editor\" data-id=\"d93b98c\" data-element_type=\"widget\" data-e-type=\"widget\" data-settings=\"{&quot;_animation&quot;:&quot;fadeIn&quot;}\" data-widget_type=\"text-editor.default\">\n\t\t\t\t\t\t\t\t\t<h3>Mi\u00e9rt v\u00e1lassza az Aurex Aut\u00f3t?<\/h3><p>A mai j\u00e1rm\u0171vek rendk\u00edv\u00fcl modernek. A legt\u00f6bb ember sz\u00e1m\u00e1ra a jav\u00edt\u00e1s bonyolult, \u00e9s \u0151szint\u00e9n sz\u00f3lva m\u00e9g az elv\u00e9gzett munka meg\u00e9rt\u00e9se is neh\u00e9z feladat. Ez\u00e9rt k\u00edn\u00e1lunk digit\u00e1lis \u00e1llapotfelm\u00e9r\u00e9st \u00e9s jelent\u00e9st.<\/p>\t\t\t\t\t\t\t\t<\/div>\n\t\t\t\t\t<\/div>\n\t\t<\/div>\n\t\t\t\t<div class=\"elementor-column elementor-col-50 elementor-top-column elementor-element elementor-element-d0c3c0b\" data-id=\"d0c3c0b\" data-element_type=\"column\" data-e-type=\"column\" data-settings=\"{&quot;background_background&quot;:&quot;classic&quot;}\">\n\t\t\t<div class=\"elementor-widget-wrap elementor-element-populated\">\n\t\t\t\t\t\t<div class=\"elementor-element elementor-element-93fdc8d elementor-invisible elementor-widget elementor-widget-qt-pricing-table\" data-id=\"93fdc8d\" data-element_type=\"widget\" data-e-type=\"widget\" data-settings=\"{&quot;_animation&quot;:&quot;fadeIn&quot;}\" data-widget_type=\"qt-pricing-table.default\">\n\t\t\t\t\t\n        <div class=\"pricing-table\">\n\n            \n                            <h5 class=\"pricing-table__title\">Rendszeres karbantart\u00e1s<\/h5>\n            \n                            <span class=\"pricing-table__subtitle\">\u00dctemezze be szerviz\u00e9t most!<\/span>\n            \n            <div class=\"pricing-table__pricing\">\n\n                \n                                    <span class=\"pricing-table__price\">9990 Ft<\/span>\n                                \n                \n            <\/div>\n\n            \n                            <div class=\"pricing-table__button\">\n                    <a href=\"https:\/\/aurexauto.hu\/?page_id=2550&#038;lang=hu\" class=\"btn btn-default\">Id\u0151pontfoglal\u00e1s<\/a>\n                <\/div>\n            \n            \n                <div class=\"pricing-table__content\">\n\n                                            <span class=\"pricing-table__content__title\">Tartalmazott szolg\u00e1ltat\u00e1sok:<\/span>\n                    \n                                            <div class=\"pricing-table__included\">\n                            <ul>\n                                                                        <li>\n                                                                                            <i aria-hidden=\"true\" class=\"fas fa-arrow-circle-right\"><\/i>                                                                                        Gy\u00fajt\u00f3gyertya csere                                        <\/li>\n                                                                                <li>\n                                                                                            <i aria-hidden=\"true\" class=\"fas fa-arrow-circle-right\"><\/i>                                                                                        Gy\u00fajt\u00f3k\u00e1bel ellen\u0151rz\u00e9s                                        <\/li>\n                                                                                <li>\n                                                                                            <i aria-hidden=\"true\" class=\"fas fa-arrow-circle-right\"><\/i>                                                                                        Motorkomponensek teljes k\u00f6r\u0171 \u00e1tvizsg\u00e1l\u00e1sa                                        <\/li>\n                                                                                <li>\n                                                                                            <i aria-hidden=\"true\" class=\"fas fa-arrow-circle-right\"><\/i>                                                                                        Leveg\u0151- \u00e9s \u00fczemanyagsz\u0171r\u0151 csere                                        <\/li>\n                                                                    <\/ul>\n                        <\/div>\n                    \n                    \n                <\/div>\n\n            \n        <\/div>\n\n        \t\t\t\t<\/div>\n\t\t\t\t\t<\/div>\n\t\t<\/div>\n\t\t\t\t\t<\/div>\n\t\t<\/section>\n\t\t\t\t<section class=\"elementor-section elementor-top-section elementor-element elementor-element-66e1a7c elementor-section-content-middle elementor-section-boxed elementor-section-height-default elementor-section-height-default\" data-id=\"66e1a7c\" data-element_type=\"section\" data-e-type=\"section\">\n\t\t\t\t\t\t<div class=\"elementor-container elementor-column-gap-default\">\n\t\t\t\t\t<div class=\"elementor-column elementor-col-50 elementor-top-column elementor-element elementor-element-582c203\" data-id=\"582c203\" data-element_type=\"column\" data-e-type=\"column\">\n\t\t\t<div class=\"elementor-widget-wrap elementor-element-populated\">\n\t\t\t\t\t\t<div class=\"elementor-element elementor-element-508d6e4 elementor-invisible elementor-widget elementor-widget-image\" data-id=\"508d6e4\" data-element_type=\"widget\" data-e-type=\"widget\" data-settings=\"{&quot;_animation&quot;:&quot;fadeIn&quot;}\" data-widget_type=\"image.default\">\n\t\t\t\t\t\t\t\t\t\t\t\t\t\t\t\t<a href=\"https:\/\/aurexauto.hu\/wp-content\/uploads\/2026\/03\/female-model-with-tattooed-body-wearing-protective-goggles-car-engine-scaled.jpg\" data-elementor-open-lightbox=\"yes\" data-elementor-lightbox-title=\"Female model with tattooed body wearing protective goggles next to a car engine\" data-e-action-hash=\"#elementor-action%3Aaction%3Dlightbox%26settings%3DeyJpZCI6MjMxOCwidXJsIjoiaHR0cHM6XC9cL2F1cmV4YXV0by5odVwvd3AtY29udGVudFwvdXBsb2Fkc1wvMjAyNlwvMDNcL2ZlbWFsZS1tb2RlbC13aXRoLXRhdHRvb2VkLWJvZHktd2VhcmluZy1wcm90ZWN0aXZlLWdvZ2dsZXMtY2FyLWVuZ2luZS1zY2FsZWQuanBnIn0%3D\">\n\t\t\t\t\t\t\t<img fetchpriority=\"high\" decoding=\"async\" width=\"2560\" height=\"1707\" src=\"https:\/\/aurexauto.hu\/wp-content\/uploads\/2026\/03\/female-model-with-tattooed-body-wearing-protective-goggles-car-engine-scaled.jpg\" class=\"attachment-full size-full wp-image-2318\" alt=\"\" srcset=\"https:\/\/aurexauto.hu\/wp-content\/uploads\/2026\/03\/female-model-with-tattooed-body-wearing-protective-goggles-car-engine-scaled.jpg 2560w, https:\/\/aurexauto.hu\/wp-content\/uploads\/2026\/03\/female-model-with-tattooed-body-wearing-protective-goggles-car-engine-300x200.jpg 300w, https:\/\/aurexauto.hu\/wp-content\/uploads\/2026\/03\/female-model-with-tattooed-body-wearing-protective-goggles-car-engine-1024x683.jpg 1024w, https:\/\/aurexauto.hu\/wp-content\/uploads\/2026\/03\/female-model-with-tattooed-body-wearing-protective-goggles-car-engine-768x512.jpg 768w, https:\/\/aurexauto.hu\/wp-content\/uploads\/2026\/03\/female-model-with-tattooed-body-wearing-protective-goggles-car-engine-1536x1024.jpg 1536w, https:\/\/aurexauto.hu\/wp-content\/uploads\/2026\/03\/female-model-with-tattooed-body-wearing-protective-goggles-car-engine-2048x1365.jpg 2048w\" sizes=\"(max-width: 2560px) 100vw, 2560px\" \/>\t\t\t\t\t\t\t\t<\/a>\n\t\t\t\t\t\t\t\t\t\t\t\t\t\t\t<\/div>\n\t\t\t\t\t<\/div>\n\t\t<\/div>\n\t\t\t\t<div class=\"elementor-column elementor-col-50 elementor-top-column elementor-element elementor-element-2925ce4\" data-id=\"2925ce4\" data-element_type=\"column\" data-e-type=\"column\" data-settings=\"{&quot;background_background&quot;:&quot;classic&quot;}\">\n\t\t\t<div class=\"elementor-widget-wrap elementor-element-populated\">\n\t\t\t\t\t\t<div class=\"elementor-element elementor-element-4488ccd elementor-invisible elementor-widget elementor-widget-image\" data-id=\"4488ccd\" data-element_type=\"widget\" data-e-type=\"widget\" data-settings=\"{&quot;_animation&quot;:&quot;fadeIn&quot;}\" data-widget_type=\"image.default\">\n\t\t\t\t\t\t\t\t\t\t\t\t\t\t\t\t<a href=\"https:\/\/aurexauto.hu\/wp-content\/uploads\/2026\/03\/mechanics-repairing-car-workshop-scaled.jpg\" data-elementor-open-lightbox=\"yes\" data-elementor-lightbox-title=\"Trying to repair car&#039;s engine\" data-e-action-hash=\"#elementor-action%3Aaction%3Dlightbox%26settings%3DeyJpZCI6MjMxOSwidXJsIjoiaHR0cHM6XC9cL2F1cmV4YXV0by5odVwvd3AtY29udGVudFwvdXBsb2Fkc1wvMjAyNlwvMDNcL21lY2hhbmljcy1yZXBhaXJpbmctY2FyLXdvcmtzaG9wLXNjYWxlZC5qcGcifQ%3D%3D\">\n\t\t\t\t\t\t\t<img decoding=\"async\" width=\"2560\" height=\"1707\" src=\"https:\/\/aurexauto.hu\/wp-content\/uploads\/2026\/03\/mechanics-repairing-car-workshop-scaled.jpg\" class=\"attachment-full size-full wp-image-2319\" alt=\"\" srcset=\"https:\/\/aurexauto.hu\/wp-content\/uploads\/2026\/03\/mechanics-repairing-car-workshop-scaled.jpg 2560w, https:\/\/aurexauto.hu\/wp-content\/uploads\/2026\/03\/mechanics-repairing-car-workshop-300x200.jpg 300w, https:\/\/aurexauto.hu\/wp-content\/uploads\/2026\/03\/mechanics-repairing-car-workshop-1024x683.jpg 1024w, https:\/\/aurexauto.hu\/wp-content\/uploads\/2026\/03\/mechanics-repairing-car-workshop-768x512.jpg 768w, https:\/\/aurexauto.hu\/wp-content\/uploads\/2026\/03\/mechanics-repairing-car-workshop-1536x1024.jpg 1536w, https:\/\/aurexauto.hu\/wp-content\/uploads\/2026\/03\/mechanics-repairing-car-workshop-2048x1366.jpg 2048w\" sizes=\"(max-width: 2560px) 100vw, 2560px\" \/>\t\t\t\t\t\t\t\t<\/a>\n\t\t\t\t\t\t\t\t\t\t\t\t\t\t\t<\/div>\n\t\t\t\t\t<\/div>\n\t\t<\/div>\n\t\t\t\t\t<\/div>\n\t\t<\/section>\n\t\t\t\t<section class=\"elementor-section elementor-top-section elementor-element elementor-element-57b1720 elementor-section-content-middle elementor-section-boxed elementor-section-height-default elementor-section-height-default elementor-invisible\" data-id=\"57b1720\" data-element_type=\"section\" data-e-type=\"section\" data-settings=\"{&quot;background_background&quot;:&quot;classic&quot;,&quot;animation&quot;:&quot;fadeIn&quot;}\">\n\t\t\t\t\t\t\t<div class=\"elementor-background-overlay\"><\/div>\n\t\t\t\t\t\t\t<div class=\"elementor-container elementor-column-gap-extended\">\n\t\t\t\t\t<div class=\"elementor-column elementor-col-50 elementor-top-column elementor-element elementor-element-0f3f174 elementor-invisible\" data-id=\"0f3f174\" data-element_type=\"column\" data-e-type=\"column\" data-settings=\"{&quot;animation&quot;:&quot;fadeIn&quot;,&quot;animation_delay&quot;:200}\">\n\t\t\t<div class=\"elementor-widget-wrap elementor-element-populated\">\n\t\t\t\t\t\t<div class=\"elementor-element elementor-element-fd22514 elementor-widget elementor-widget-text-editor\" data-id=\"fd22514\" data-element_type=\"widget\" data-e-type=\"widget\" data-widget_type=\"text-editor.default\">\n\t\t\t\t\t\t\t\t\t<h3>A szolg\u00e1ltat\u00e1s legf\u0151bb el\u0151nyei<\/h3><p>A rendszeres szervizel\u00e9s biztos\u00edtja az aut\u00f3ja megfelel\u0151 m\u0171k\u00f6d\u00e9s\u00e9t, \u00e9s seg\u00edt megel\u0151zni a v\u00e1ratlan meghib\u00e1sod\u00e1sokat.<\/p>\t\t\t\t\t\t\t\t<\/div>\n\t\t\t\t<div class=\"elementor-element elementor-element-f536e40 elementor-icon-list--layout-traditional elementor-list-item-link-full_width elementor-widget elementor-widget-icon-list\" data-id=\"f536e40\" data-element_type=\"widget\" data-e-type=\"widget\" data-widget_type=\"icon-list.default\">\n\t\t\t\t\t\t\t<ul class=\"elementor-icon-list-items\">\n\t\t\t\t\t\t\t<li class=\"elementor-icon-list-item\">\n\t\t\t\t\t\t\t\t\t\t\t<span class=\"elementor-icon-list-icon\">\n\t\t\t\t\t\t\t<i aria-hidden=\"true\" class=\"fas fa-check-circle\"><\/i>\t\t\t\t\t\t<\/span>\n\t\t\t\t\t\t\t\t\t\t<span class=\"elementor-icon-list-text\">Speci\u00e1lis szolg\u00e1ltat\u00e1sok az \u00d6n ig\u00e9nyeire szabva<\/span>\n\t\t\t\t\t\t\t\t\t<\/li>\n\t\t\t\t\t\t\t\t<li class=\"elementor-icon-list-item\">\n\t\t\t\t\t\t\t\t\t\t\t<span class=\"elementor-icon-list-icon\">\n\t\t\t\t\t\t\t<i aria-hidden=\"true\" class=\"fas fa-check-circle\"><\/i>\t\t\t\t\t\t<\/span>\n\t\t\t\t\t\t\t\t\t\t<span class=\"elementor-icon-list-text\">100% k\u00f6rnyezetbar\u00e1t vegyszerek<\/span>\n\t\t\t\t\t\t\t\t\t<\/li>\n\t\t\t\t\t\t\t\t<li class=\"elementor-icon-list-item\">\n\t\t\t\t\t\t\t\t\t\t\t<span class=\"elementor-icon-list-icon\">\n\t\t\t\t\t\t\t<i aria-hidden=\"true\" class=\"fas fa-check-circle\"><\/i>\t\t\t\t\t\t<\/span>\n\t\t\t\t\t\t\t\t\t\t<span class=\"elementor-icon-list-text\">Megb\u00edzhat\u00f3, hiteles \u00e9s pontos szolg\u00e1ltat\u00e1sok<\/span>\n\t\t\t\t\t\t\t\t\t<\/li>\n\t\t\t\t\t\t\t\t<li class=\"elementor-icon-list-item\">\n\t\t\t\t\t\t\t\t\t\t\t<span class=\"elementor-icon-list-icon\">\n\t\t\t\t\t\t\t<i aria-hidden=\"true\" class=\"fas fa-check-circle\"><\/i>\t\t\t\t\t\t<\/span>\n\t\t\t\t\t\t\t\t\t\t<span class=\"elementor-icon-list-text\">Teljes k\u00f6r\u0171 aut\u00f3ipari felszerel\u00e9st \u00e9s megold\u00e1sokat k\u00edn\u00e1lunk<\/span>\n\t\t\t\t\t\t\t\t\t<\/li>\n\t\t\t\t\t\t<\/ul>\n\t\t\t\t\t\t<\/div>\n\t\t\t\t\t<\/div>\n\t\t<\/div>\n\t\t\t\t<div class=\"elementor-column elementor-col-50 elementor-top-column elementor-element elementor-element-0bef320 elementor-invisible\" data-id=\"0bef320\" data-element_type=\"column\" data-e-type=\"column\" data-settings=\"{&quot;animation&quot;:&quot;fadeIn&quot;,&quot;animation_delay&quot;:300}\">\n\t\t\t<div class=\"elementor-widget-wrap elementor-element-populated\">\n\t\t\t\t\t\t<div class=\"elementor-element elementor-element-30009d7 elementor-widget elementor-widget-qt-icon-box\" data-id=\"30009d7\" data-element_type=\"widget\" data-e-type=\"widget\" data-widget_type=\"qt-icon-box.default\">\n\t\t\t\t\t            <div class=\"icon-box icon-left align-left layout-2 underline-hover\">\n        \n                    <div class=\"icon-box__icon\">\n                <i aria-hidden=\"true\" class=\"fas fa-shield-alt\"><\/i>            <\/div>\n        \n        <div class=\"icon-box__content\">\n                            <h5 class=\"icon-box__heading\">N\u00f6velje a biztons\u00e1got<\/h5>\n            \n                            <p>Ne pazarolja az idej\u00e9t \u2013 n\u00e1lunk a jav\u00edt\u00e1s els\u0151re is v\u00e9gleges<\/p>\n            \n                    <\/div>\n\n        <\/div>\n        \n    \t\t\t\t<\/div>\n\t\t\t\t<div class=\"elementor-element elementor-element-93864d6 elementor-widget elementor-widget-qt-icon-box\" data-id=\"93864d6\" data-element_type=\"widget\" data-e-type=\"widget\" data-widget_type=\"qt-icon-box.default\">\n\t\t\t\t\t            <div class=\"icon-box icon-left align-left layout-2 underline-hover\">\n        \n                    <div class=\"icon-box__icon\">\n                <i aria-hidden=\"true\" class=\"fas fa-clock\"><\/i>            <\/div>\n        \n        <div class=\"icon-box__content\">\n                            <h5 class=\"icon-box__heading\">Id\u0151megtakar\u00edt\u00e1s<\/h5>\n            \n                            <p>Elk\u00f6telezettek vagyunk az els\u0151re is t\u00f6k\u00e9letes aut\u00f3jav\u00edt\u00e1s mellett<\/p>\n            \n                    <\/div>\n\n        <\/div>\n        \n    \t\t\t\t<\/div>\n\t\t\t\t\t<\/div>\n\t\t<\/div>\n\t\t\t\t\t<\/div>\n\t\t<\/section>\n\t\t\t\t<section class=\"elementor-section elementor-top-section elementor-element elementor-element-4946e77 elementor-section-boxed elementor-section-height-default elementor-section-height-default\" data-id=\"4946e77\" data-element_type=\"section\" data-e-type=\"section\">\n\t\t\t\t\t\t<div class=\"elementor-container elementor-column-gap-extended\">\n\t\t\t\t\t<div class=\"elementor-column elementor-col-100 elementor-top-column elementor-element elementor-element-08c6a70\" data-id=\"08c6a70\" data-element_type=\"column\" data-e-type=\"column\">\n\t\t\t<div class=\"elementor-widget-wrap elementor-element-populated\">\n\t\t\t\t\t\t<div class=\"elementor-element elementor-element-307e699 elementor-invisible elementor-widget elementor-widget-heading\" data-id=\"307e699\" data-element_type=\"widget\" data-e-type=\"widget\" data-settings=\"{&quot;_animation&quot;:&quot;fadeIn&quot;}\" data-widget_type=\"heading.default\">\n\t\t\t\t\t<h2 class=\"elementor-heading-title elementor-size-default\">Gyakori K\u00e9rd\u00e9sek<\/h2>\t\t\t\t<\/div>\n\t\t\t\t<div class=\"elementor-element elementor-element-165aaaa elementor-invisible elementor-widget elementor-widget-qt-accordion\" data-id=\"165aaaa\" data-element_type=\"widget\" data-e-type=\"widget\" data-settings=\"{&quot;_animation&quot;:&quot;fadeIn&quot;}\" data-widget_type=\"qt-accordion.default\">\n\t\t\t\t\t\n        <div class=\"accordion\" id=\"accordion-0\" data-panel=\"accordion-0\">\n\n            \n                <div class=\"accordion__panel\">\n                    <div class=\"accordion__heading\">\n                        <h6 class=\"accordion__title\">\n                            <a class=\"accordion__toggle\" data-toggle=\"collapse\" data-parent=\"#accordion-0\" href=\"#collapse_0\" aria-expanded=\"true\">Vil\u00e1g\u00edt a \"Check Engine\" l\u00e1mpa. Biztons\u00e1gos \u00edgy tov\u00e1bbvezetni?                            <\/a>\n                        <\/h6>\n                    <\/div>\n\n                    <div id=\"collapse_0\" class=\"accordion__content collapse show\" aria-label=\"Vil\u00e1g\u00edt a &quot;Check Engine&quot; l\u00e1mpa. Biztons\u00e1gos \u00edgy tov\u00e1bbvezetni?\" data-parent=\"#accordion-0\">\n                        <div class=\"accordion__body\"><p>Ha a l\u00e1mpa folyamatosan \u00e9g, az aut\u00f3 rendszere hib\u00e1t \u00e9szlelt, amit hamarosan \u00e1t kell vizsg\u00e1lni. Ha viszont a l\u00e1mpa <strong>villog<\/strong>, azonnal \u00e1ll\u00edtsa le a motort, mert ez s\u00falyos hib\u00e1t jelez, ami t\u00f6nkreteheti a motort.<\/p>\n<\/div>\n                    <\/div>\n                <\/div>\n\n            \n                <div class=\"accordion__panel\">\n                    <div class=\"accordion__heading\">\n                        <h6 class=\"accordion__title\">\n                            <a class=\"accordion__toggle\" data-toggle=\"collapse\" data-parent=\"#accordion-0\" href=\"#collapse_1\" aria-expanded=\"false\">Mik a jelei annak, hogy a motornak komolyabb jav\u00edt\u00e1sra van sz\u00fcks\u00e9ge?                            <\/a>\n                        <\/h6>\n                    <\/div>\n\n                    <div id=\"collapse_1\" class=\"accordion__content collapse\" aria-label=\"Mik a jelei annak, hogy a motornak komolyabb jav\u00edt\u00e1sra van sz\u00fcks\u00e9ge?\" data-parent=\"#accordion-0\">\n                        <div class=\"accordion__body\"><p>Szokatlan kopog\u00f3 hangok, s\u0171r\u0171 f\u00fcst a kipufog\u00f3b\u00f3l, hirtelen teljes\u00edtm\u00e9nycs\u00f6kken\u00e9s vagy megn\u00f6vekedett olajfogyaszt\u00e1s. Ezeket a jeleket nem szabad figyelmen k\u00edv\u00fcl hagyni, mert a korai beavatkoz\u00e1s p\u00e9nzt takar\u00edt meg.<\/p>\n<\/div>\n                    <\/div>\n                <\/div>\n\n            \n                <div class=\"accordion__panel\">\n                    <div class=\"accordion__heading\">\n                        <h6 class=\"accordion__title\">\n                            <a class=\"accordion__toggle\" data-toggle=\"collapse\" data-parent=\"#accordion-0\" href=\"#collapse_2\" aria-expanded=\"false\">Milyen gyakran kell kicser\u00e9lni a vez\u00e9rm\u0171sz\u00edjat?                            <\/a>\n                        <\/h6>\n                    <\/div>\n\n                    <div id=\"collapse_2\" class=\"accordion__content collapse\" aria-label=\"Milyen gyakran kell kicser\u00e9lni a vez\u00e9rm\u0171sz\u00edjat?\" data-parent=\"#accordion-0\">\n                        <div class=\"accordion__body\"><p class=\"p1\">\u00c1ltal\u00e1ban 80 000 - 120 000 km-enk\u00e9nt, vagy 5-7 \u00e9vente. A szakadt vez\u00e9rm\u0171sz\u00edj katasztrof\u00e1lis k\u00e1rokat okozhat a motorban. Ha bizonytalan a sz\u00edj \u00e1llapot\u00e1ban, k\u00e9rjen n\u00e1lunk egy ellen\u0151rz\u00e9st.<\/p>\n<\/div>\n                    <\/div>\n                <\/div>\n\n            \n                <div class=\"accordion__panel\">\n                    <div class=\"accordion__heading\">\n                        <h6 class=\"accordion__title\">\n                            <a class=\"accordion__toggle\" data-toggle=\"collapse\" data-parent=\"#accordion-0\" href=\"#collapse_3\" aria-expanded=\"false\">Mi\u00e9rt melegszik t\u00fal a motor m\u00e9g r\u00f6vid utakon is?                            <\/a>\n                        <\/h6>\n                    <\/div>\n\n                    <div id=\"collapse_3\" class=\"accordion__content collapse\" aria-label=\"Mi\u00e9rt melegszik t\u00fal a motor m\u00e9g r\u00f6vid utakon is?\" data-parent=\"#accordion-0\">\n                        <div class=\"accordion__body\"><p>A t\u00falmeleged\u00e9st \u00e1ltal\u00e1ban a h\u0171t\u0151rendszer hib\u00e1ja okozza: sziv\u00e1rg\u00f3 h\u0171t\u0151, elromlott termoszt\u00e1t vagy v\u00edzpumpa. Mivel a t\u00falmeleged\u00e9s gyorsan t\u00f6nkreteheti a motort, azonnali nyom\u00e1spr\u00f3ba javasolt a hiba felt\u00e1r\u00e1s\u00e1ra.<\/p>\n<\/div>\n                    <\/div>\n                <\/div>\n\n            \n                <div class=\"accordion__panel\">\n                    <div class=\"accordion__heading\">\n                        <h6 class=\"accordion__title\">\n                            <a class=\"accordion__toggle\" data-toggle=\"collapse\" data-parent=\"#accordion-0\" href=\"#collapse_4\" aria-expanded=\"false\">V\u00e1llalnak teljes motorgener\u00e1lt is, vagy csak kisebb jav\u00edt\u00e1sokat?                            <\/a>\n                        <\/h6>\n                    <\/div>\n\n                    <div id=\"collapse_4\" class=\"accordion__content collapse\" aria-label=\"V\u00e1llalnak teljes motorgener\u00e1lt is, vagy csak kisebb jav\u00edt\u00e1sokat?\" data-parent=\"#accordion-0\">\n                        <div class=\"accordion__body\"><p>Mindent v\u00e1llalunk a kisebb szenzorcser\u00e9kt\u0151l a hengerfej jav\u00edt\u00e1son \u00e1t a teljes motorfel\u00faj\u00edt\u00e1sig. Minden nagyobb munka el\u0151tt r\u00e9szletes k\u00f6lts\u00e9gelemz\u00e9st adunk, hogy \u00d6n a legjobb d\u00f6nt\u00e9st hozhassa.<\/p>\n<\/div>\n                    <\/div>\n                <\/div>\n\n            \n            \n        <\/div>\n        \n    \t\t\t\t<\/div>\n\t\t\t\t\t<\/div>\n\t\t<\/div>\n\t\t\t\t\t<\/div>\n\t\t<\/section>\n\t\t\t\t<\/div>\n\t\t","protected":false},"excerpt":{"rendered":"<p>El\u0151zze meg a dr\u00e1ga jav\u00edt\u00e1sokat rendszeres karbantart\u00e1ssal Ha a motor nem m\u0171k\u00f6dik megfelel\u0151en, nagy az es\u00e9lye egy dr\u00e1ga jav\u00edt\u00e1snak. Egy motorcsere ak\u00e1r t\u00f6bb ezer eur\u00f3s kiad\u00e1st is jelenthet. Rendszeres karbantart\u00e1ssal biztos\u00edthatja aut\u00f3ja motorj\u00e1nak z\u00f6kken\u0151mentes m\u0171k\u00f6d\u00e9s\u00e9t. A motor elektromos \u00e9s bonyolult mechanikai rendszerek \u00f6sszetett egys\u00e9ge, amely magas h\u0151m\u00e9rs\u00e9kleten \u00fczemel, hogy \u00d6n biztons\u00e1gban haladhasson az \u00faton. Mi\u00e9rt&hellip;<\/p>\n","protected":false},"author":1,"featured_media":2318,"parent":2577,"menu_order":0,"comment_status":"closed","ping_status":"closed","template":"","meta":{"_acf_changed":false,"footnotes":""},"class_list":["post-2593","page","type-page","status-publish","has-post-thumbnail","hentry"],"acf":[],"_hostinger_reach_plugin_has_subscription_block":false,"_hostinger_reach_plugin_is_elementor":false,"_links":{"self":[{"href":"https:\/\/aurexauto.hu\/index.php?rest_route=\/wp\/v2\/pages\/2593","targetHints":{"allow":["GET"]}}],"collection":[{"href":"https:\/\/aurexauto.hu\/index.php?rest_route=\/wp\/v2\/pages"}],"about":[{"href":"https:\/\/aurexauto.hu\/index.php?rest_route=\/wp\/v2\/types\/page"}],"author":[{"embeddable":true,"href":"https:\/\/aurexauto.hu\/index.php?rest_route=\/wp\/v2\/users\/1"}],"replies":[{"embeddable":true,"href":"https:\/\/aurexauto.hu\/index.php?rest_route=%2Fwp%2Fv2%2Fcomments&post=2593"}],"version-history":[{"count":14,"href":"https:\/\/aurexauto.hu\/index.php?rest_route=\/wp\/v2\/pages\/2593\/revisions"}],"predecessor-version":[{"id":2810,"href":"https:\/\/aurexauto.hu\/index.php?rest_route=\/wp\/v2\/pages\/2593\/revisions\/2810"}],"up":[{"embeddable":true,"href":"https:\/\/aurexauto.hu\/index.php?rest_route=\/wp\/v2\/pages\/2577"}],"wp:featuredmedia":[{"embeddable":true,"href":"https:\/\/aurexauto.hu\/index.php?rest_route=\/wp\/v2\/media\/2318"}],"wp:attachment":[{"href":"https:\/\/aurexauto.hu\/index.php?rest_route=%2Fwp%2Fv2%2Fmedia&parent=2593"}],"curies":[{"name":"wp","href":"https:\/\/api.w.org\/{rel}","templated":true}]}}